ative of -17*b**6/120 - b**5/20 - b**4/3 - 4*b**3/3 + 20*b**2. Let z be h(-2). Calculate the highest common factor of 99 and z.
33
Suppose -1019*d - 25025 = -1734*d. Suppose 6 = -3*x - 0, 4*q = -2*x + 16. Suppose -77 = -q*n - 7. What is the highest common divisor of n and d?
7
Suppose 1799 = -30*o + 2669. Calculate the greatest common divisor of o and 6206.
29
Let y = -41 + 15. Let p = y + 37. Let f be (8 + 8 + (-294)/18)*-33. What is the greatest common factor of p and f?
11
Suppose 8*k = -8664 + 9384. Calculate the greatest common divisor of 700 and k.
10
Let k = 262 - 225. Suppose -6 = -2*q - i, 5*q = -3*i + 6*i + k. What is the highest common factor of q and 100?
5
Suppose -251*g - 74678 = -249123. Calculate the greatest common factor of g and 15.
5
Let w be (-64)/(((-12)/90)/(2/(-6))). Let u = w + 165. Calculate the greatest common divisor of u and 40.
5
Suppose 5*i - 5 = 0, i + 186 = 3*b - 2*i. Let z = b + -61. Suppose 3 = y + z. Calculate the highest common factor of y and 4.
1
Let r(y) = y**3 - 24*y**2 + 32*y + 162. Let b be r(23). Calculate the greatest common factor of b and 164.
41
Suppose -g + 22 - 20 = 0. Suppose -66 = -4*s - g. Calculate the highest common factor of 112 and s.
16
Let w = 111 - -6. Calculate the greatest common factor of w and 507.
39
Let d = 142 - -295. Suppose -3*j = 4*n - 250, 4*j - 173 = 4*n - d. What is the highest common factor of n and 8?
8
Let u = -4 + 10. Suppose -814*o = -815*o + 22. Suppose -6*t + o + 86 = 0. What is the highest common divisor of t and u?
6
Let g = 265 - -60. Let u = 332 - g. Calculate the highest common divisor of 77 and u.
7
Suppose 68*y = 69*y - 7. Let s(i) = 9*i + 31 + 20*i - 90. Let v be s(y). Calculate the greatest common factor of v and 16.
16
Let c = 232 + -177. Calculate the greatest common factor of 517 and c.
11
Let x be (-128 + -1)/(7/(630/(-27))). Suppose o = -2*n + 22, -29 = -3*n + o - 1. What is the highest common divisor of x and n?
10
Suppose -13 + 519 = 2*y - 2*r, 4*y - 988 = -4*r. Let l be 9/54 + y/12. Let k be 33 - (l/14)/(1/(-2)). What is the greatest common factor of 54 and k?
18
Let h be (7/(-14)*-18)/((-1198)/(-598) + -2). What is the highest common factor of h and 18?
9
Suppose 5 = -5*i + 105. Let v be (9 - 20)/(-44)*60. Calculate the highest common factor of v and i.
5
Let l be 1 + 2 + -1 - 1. Let q be -2 + 7 + -5 + -3. Let t be 3 + (q - (-1 - 6)). Calculate the highest common divisor of l and t.
1
Let d = -274 - -274. Suppose -4*q = -d*q - 168. Calculate the highest common divisor of 21 and q.
21
Suppose -15*h + 0*h = -1845. Let p be (318/12 + -6)*1*2. Calculate the greatest common divisor of p and h.
41
Suppose 17 = 4*c + d, c = -0*d + 3*d - 12. Suppose 0 = -3*v + 159 - 33. Suppose -10*y + c*y + v = 0. What is the greatest common divisor of 15 and y?
3
Let d(n) = 151*n**2 + 971*n + 5767. Let q be d(-6). Calculate the highest common factor of 95 and q.
19
Let k = -204 + 287. Suppose -3*d + 1254 = 5*q, -q + 4*d + 241 = 4. Calculate the greatest common factor of k and q.
83
Let f(q) = -96*q + 186*q - q**2 - 79*q - 9 + 8*q**3. Let l be f(4). Let c = l - 256. Calculate the highest common divisor of 25 and c.
25
Let x be (45/27)/5*9 + 0. Calculate the greatest common factor of 107 and x.
1
Let f be 634/7 + (576/63)/(-16). Suppose -2*l + 19 = g, -4*l = -4 - 16. What is the highest common factor of g and f?
9
Let b(i) = -3*i**2 - 46*i - 15. Let p be b(-15). Suppose p = 4*v + 4, -3*l = -5*v - 41. Calculate the greatest common divisor of l and 21.
3
Let n(h) = -h**3 - h**2 + 3. Let m be n(-3). Let q be 0 + 5/1*(-189)/(-5). Calculate the greatest common divisor of q and m.
21
Suppose -4089 = 99*j - 6323 - 6082. Calculate the highest common divisor of j and 5068.
28
Suppose -h = -0*h - 39. Suppose 3*x = -j + 5*j + 39, h = 3*x - j. Calculate the highest common factor of x and 104.
13
Suppose 262*d - 38714 - 31621 = -259*d. Calculate the highest common factor of 14310 and d.
135
Let d = 76 + -63. Suppose 8954 = d*o + 2675. Calculate the highest common factor of o and 69.
69
Let b = 8 - -8. Let j(q) = 17*q + 3. Let t be j(5). Suppose 6*k - t = 56. Calculate the greatest common factor of b and k.
8
Let p(z) = -31*z - 198. Let r be p(-30). Calculate the highest common factor of r and 12.
12
Suppose -4*n = 0, 2*o = 5*o + 3*n - 48. Suppose -5*z = y - 2*y - 79, -9*z + 148 = 4*y. What is the greatest common divisor of z and o?
16
Suppose -2*t + 6*t + 820 = 0. Let u = -100 - t. Suppose 1266*a + 105 = 1273*a. What is the greatest common factor of a and u?
15
Let j(k) = -4*k. Let p be j(-4). Let i be (1 + 1)/(11/(-132)*-2). Suppose -9*b - 6 = -i*b. What is the highest common divisor of b and p?
2
Let r = -2 + 6. Suppose -2*f - 34 = -w, r*w - 219 + 43 = -2*f. What is the greatest common factor of w and 6?
6
Let v be (-2)/(-3)*(45 + -33). Calculate the highest common factor of 1928 and v.
8
Suppose -137*v = -95*v - 39732. Calculate the greatest common divisor of 11 and v.
11
Let c(y) = -6*y + 1442. Let r be c(54). What is the greatest common divisor of 43 and r?
43
Let s be (-36)/(-54) - 31/(-3). Let y(c) = 7*c**2 + 12*c - 10. Let q be y(s). Calculate the highest common divisor of q and 51.
51
Let j be (72/(-5))/(54/(-180)). Calculate the highest common divisor of 2880 and j.
48
Let a = 161 + -157. Let z be (-2 - a)*((-200)/(-5))/(-5). What is the highest common factor of 18 and z?
6
Let l be -2 + -1 + 3*111. Let h(z) = z**2 - 37*z + 66. Let p(i) = i**2 - 2*i - 44. Let r be p(10). Let v be h(r). What is the highest common divisor of l and v?
30
Let n(m) = 5*m**2 + 5*m + 26. Let u be n(-15). Suppose 0 = -q - 3*r + 206, 5*r = -5*q - 56 + u. What is the highest common divisor of 29 and q?
29
Let a = 382 - -95. Let u = a - 467. Suppose 4*z + l - 798 = -z, -3*z - l + 478 = 0. What is the greatest common factor of z and u?
10
Let m(l) = -l**3 - l**2 + 47. Let f be m(0). Let u = -9871 + 10106. What is the greatest common factor of f and u?
47
Suppose -k + 333 = -432. What is the greatest common factor of k and 595?
85
Suppose 48*x - 51*x - 204 = 0. Let p be (3/1)/((-34)/x). What is the highest common factor of p and 10?
2
Let j be (-7026)/36 - 4/(-24). Suppose 20 = 7*u - 2*u. Let l be (u/(20/j))/(-3). Calculate the greatest common divisor of l and 104.
13
Let b be (-2)/(-5)*165/22. Suppose -b*r + 46 = -26. Calculate the greatest common divisor of r and 8.
8
Let u(k) = -k - 32. Let j be u(0). Let b be 7568/198 - ((-16)/9 + 2). Let y = j + b. Calculate the highest common factor of y and 54.
6
Suppose -5*y + 4*y + 15 = 0. Let c(p) = -4*p**2 - 739*p + 1848. Let j be c(-187). Calculate the greatest common factor of y and j.
15
Let g(l) = 519*l**3 - l**2 - 2*l + 2. Let f be g(1). Suppose -2736 + 294 = -11*x. What is the highest common divisor of x and f?
74
Let s = 27540 + -23895. Calculate the greatest common factor of s and 36.
9
Let f be -393*(-25)/30*(3 + -1)*1. What is the greatest common factor of f and 5?
5
Let g be (-46)/1 + (-52)/(-13). Let j = g - -53. Let h(p) = 22*p**2 - 9*p + 5. Let q be h(3). Calculate the greatest common factor of j and q.
11
Let m be 4*(-11075)/(-700) - (1 - (-5)/(-7)). Calculate the greatest common factor of m and 1995.
21
Let z be 24/(-40) - 249/(-15). Let r = 50 - z. Calculate the greatest common factor of 272 and r.
34
Let u = 1140 - -1163. Calculate the greatest common divisor of u and 49.
49
Let h(d) = 42 - 446*d + 7*d**2 + 424*d - 7. Let i be h(7). What is the highest common factor of 14 and i?
14
Let x(q) be the third derivative of q**6/120 + 17*q**5/60 + 43*q**4/24 - 2*q**3 - q**2 - 13*q. Let n be x(-13). What is the highest common divisor of n and 63?
21
Let i(j) = 179*j + 81. Let r be i(-5). Let c = -723 - r. Let m be -13*(2 + -3)/1. What is the highest common factor of m and c?
13
Let k = -240 - -1592. Let i = -888 + k. Calculate the highest common divisor of i and 58.
58
Let a be ((-6750)/(-175))/(6/28). Suppose -3*t - 5*r = -4*t + 93, 0 = -3*t - 2*r + 296. Suppose 2*b = -26 + t. What is the greatest common divisor of b and a?
36
Let m(u) = 4*u + 508. Let z be m(5). What is the greatest common factor of z and 48?
48
Let a be ((-49)/(-7) + -7)/(-1). Suppose a = s - 4*k - 143, -2*s - 101 = 2*k - 387. Calculate the greatest common factor of 39 and s.